 11, what is -24538 + 32?
-24506
In base 2, what is -10000011011 + 11110000101011?
11100000010000
In base 4, what is 2002013120 + 20221?
2002100001
In base 12, what is -422 - -1220a?
119a8
In base 16, what is -35d6 - d8?
-36ae
In base 6, what is -310431 - 353?
-311224
In base 11, what is -21 - 55440?
-55461
In base 2, what is 111100110101100000001011 + -10?
111100110101100000001001
In base 12, what is 1066 - -14ab6?
15b60
In base 15, what is 2786a + a8?
27923
In base 13, what is -881b + 680?
-816b
In base 13, what is c57 + 201?
1158
In base 10, what is 8942 - -26537?
35479
In base 15, what is -19 + 182dcd?
182db4
In base 10, what is -4 - 2735576?
-2735580
In base 2, what is -100011010100100 + -111011100010011?
-1011110110110111
In base 2, what is 1111100011010000110101101 - 1?
1111100011010000110101100
In base 4, what is 30323203 + -203332?
30113211
In base 8, what is -52213 - 4?
-52217
In base 3, what is 100211000 - -1202102212?
2010020212
In base 2, what is -1110101000010011000101010 - 11?
-1110101000010011000101101
In base 5, what is 12331433104 + -10?
12331433044
In base 5, what is 223 - 3042414?
-3042141
In base 7, what is 2164104 + 6?
2164113
In base 9, what is 243188 - -420?
243618
In base 9, what is 10038 + 2814?
12853
In base 16, what is -1 + fbf1605?
fbf1604
In base 14, what is d - 28255db?
-28255cc
In base 7, what is 144 - 6010023?
-6006546
In base 9, what is -1402655 + 461?
-1402184
In base 11, what is 41993a + -179?
419771
In base 13, what is -10b6b0 + -1b6?
-10b896
In base 16, what is -a6311f - -7?
-a63118
In base 3, what is 2110011 - 200121220212?
-200112110201
In base 10, what is 134 - 353301?
-353167
In base 10, what is 49681831 + 5?
49681836
In base 13, what is 4110c63 + 5?
4110c68
In base 4, what is 12102032103 - -1?
12102032110
In base 7, what is -6650 - 230306?
-240256
In base 6, what is 15 - 205015342?
-205015323
In base 11, what is -1 + -80a583?
-80a584
In base 9, what is 351 + -1601005?
-1600544
In base 13, what is 2 + -1540c31?
-1540c2c
In base 10, what is 16 + 379196?
379212
In base 5, what is -134012 + 410221?
221204
In base 4, what is -2 + -2301331022?
-2301331030
In base 15, what is 7a - -153b5?
15440
In base 8, what is -2712521 + -2?
-2712523
In base 15, what is -bad9 + 37?
-baa2
In base 16, what is 62d105 - -28?
62d12d
In base 2, what is 11 - 100111101110101011001?
-100111101110101010110
In base 16, what is -3b80c - c?
-3b818
In base 13, what is 24c + -7bb4?
-7965
In base 16, what is -242 - 3888?
-3aca
In base 14, what is -3ca + 194850?
194464
In base 6, what is -4135 - -14152?
10013
In base 2, what is -11 - -10111100101110101000000?
10111100101110100111101
In base 5, what is 3024113 - 1334?
3022224
In base 16, what is 2 + 377677?
377679
In base 16, what is -38e + 3dd7?
3a49
In base 16, what is -4 - 595ca0?
-595ca4
In base 14, what is b + -31d74c?
-31d741
In base 15, what is -5 + 1e87e44?
1e87e3e
In base 4, what is -1001131 + -1113300?
-2121031
In base 9, what is 3 + 764385?
764388
In base 10, what is -6570212 - -6?
-6570206
In base 9, what is -374245 - -2?
-374243
In base 2, what is -10101101001000 + 11010101?
-10101001110011
In base 6, what is -403 + 302355?
301552
In base 10, what is 31074 - -3599?
34673
In base 5, what is 213431213 + 1044?
213432312
In base 13, what is 5 - 1087093?
-108708b
In base 13, what is -c + 30a72?
30a63
In base 15, what is 37 + -1a827?
-1a7e0
In base 7, what is -30432 + 4615?
-22514
In base 4, what is -1331031 - -3302300?
1311203
In base 9, what is -543145301 - 3?
-543145304
In base 15, what is e3a - -6dd?
1628
In base 12, what is 6a - 39ba9?
-39b3b
In base 13, what is -63b44110 - -3?
-63b4410a
In base 2, what is -11001011110 + -100100101011?
-111110001001
In base 6, what is -3 - -23404352?
23404345
In base 13, what is a338 + 165?
a4a0
In base 16, what is 1a1 + 2104?
22a5
In base 14, what is 184 + 397?
53b
In base 11, what is -4612 + 3157?
-1466
In base 3, what is -220222201 - 1220202?
-222220110
In base 4, what is -102333002333010 - -3?
-102333002333001
In base 16, what is 2f75f7 + 5?
2f75fc
In base 15, what is 1d66c + 28a4?
21021
In base 14, what is 5ccc88 - 2?
5ccc86
In base 8, what is 203275 - 555?
202520
In base 15, what is -140797 + -654?
-140deb
In base 11, what is 239518 + -440?
239088
In base 5, what is -203331021 - -122?
-203330344
In base 13, what is -91a5 + -18583?
-24758
In base 9, what is 51 - 1268662?
-1268611
In base 9, what is -58736414 - -35?
-58736368
In base 3, what is 11 - -22211002000?
22211002011
In base 12, what is 3523 + 84ba?
ba21
In base 9, what is -53257 - -15843?
-36314
In base 14, what is -4 - -2b50d57?
2b50d53
In base 14, what is 19 + -3b245c?
-3b2443
In base 2, what is 1001011110100001010101 + -111?
1001011110100001001110
In base 14, what is 4 + 84c35c?
84c362
In base 7, what is -4 + -5260230?
-5260234
In base 6, what is -4 - 13232341441?
-13232341445
In base 8, what is 5404641 + 4?
5404645
In base 6, what is 25405 - 240530?
-211121
In base 7, what is -2166 + 223512?
221313
In base 12, what is 8366 - -28?
8392
In base 6, what is 3435315 + 50?
3435405
In base 2, what is 1100 - 1101101010101010010110000?
-1101101010101010010100100
In base 14, what is 36346d - 0?
36346d
In base 6, what is -3 + 331401342?
331401335
In base 7, what is -31454234 + 23?
-31454211
In base 7, what is 140513031 - 1?
140513030
In base 8, what is -64 - 12140774?
-12141060
In base 7, what is -443 - -2430654?
2430211
In base 10, what is -107903528 - 3?
-107903531
In base 6, what is 255201 + 4220?
303421
In base 15, what is -4 - 20c6be37?
-20c6be3b
In base 14, what is -3 + 904c15?
904c12
In base 9, what is 1427 - 3630?
-2202
In base 16, what is 4 - 8febaf?
-8febab
In base 14, what is -1a + -156b2a?
-156b46
In base 11, what is -138 - 192787?
-192914
In base 14, what is 9 + -55cb365?
-55cb35a
In base 4, what is -101 + -20322103002?
-20322103103
In base 14, what is 875c9658 - 0?
875c9658
In base 7, what is 6 - 11420344?
-11420335
In base 5, what is -201322 - -321424?
120102
In base 3, what is 20200210012011100 - -10?
20200210012011110
In base 14, what is -1 - -1612cd?
1612cc
In base 4, what is 13002201122000 + -2?
13002201121332
In base 5, what is 2 - 20232101320?
-20232101313
In base 4, what is 13020 + -3021200?
-3002120
In base 10, what is 11 + 65898974?
65898985
In base 9, what is -654205 + -3385?
-657601
In base 3, what is 2 - -10220002210110022?
10220002210110101
In base 3, what is 200101101010112 + 22?
200101101010211
In base 5, what is 3034 - -2202421?
2211010
In base 9, what is -567 - -57464?
56786
In base 7, what is -2226326433 + 1?
-2226326432
In base 4, what is 2 + 102231011013?
102231011021
In base 3, what is 21000122 - -2011011?
100011210
In base 13, what is 72 + 508?
57a
In base 12, what is 16666 - 1b?
16647
In base 5, what is -2021 + -13114231?
-13121302
In base 10, what is -503 - -455252?
454749
In base 7, what is 5 + 164162026?
164162034
In base 15, what is -1a - -1aa10?
1a9e5
In base 3, what is 10 + 111010202011111?
111010202011121
In base 7, what is 25 + -2012035?
-2012010
In base 14, what is -4 + -71c598?
-71c59c
In base 8, what is -4653413 + -32?
-4653445
In base 8, what is 4 + 20146603?
20146607
In base 16, what is f + -2eff5?
-2efe6
In base 3, what is -10112010 + 1010212202?
1000100122
In base 14, what is -138dcc + -4c?
-13903a
In base 2, what is -1010101001010000100111110 + 101?
-1010101001010000100111001
In base 16, what is c42 + 341dd?
34e1f
In base 12, what is -39 - 505b6?
-50633
In base 5, what is -2440340202 + -2?
-2440340204
In base 3, what is -100220010110111111 - -10?
-100220010110111101
In base 15, what is -2 - -21ac855?
21ac853
In base 4, what is -1002 + -133301113?
-133302121
In base 11, what is 5665415 + -55?
5665370
In base 6, what is 1304 + -1202125?
-1200421
In base 16, what is -13968 - -cb?
-1389d
In base 14, what is 39a7a4 + 28?
39a7cc
In base 15, what is 157c7b0 - 5?
157c7aa
In base 2, what is 101 + -10100111100000011011100?
-10100111100000011010111
In base 4, what is 12 + 132102201?
132102213
In base 2, what is 10 + -1011111100111000011011?
-1011111100111000011001
In base 12, what is 10 + -9354b4?
-9354a4
In base 5, what is 340014001 + 111?
340014112
In base 6, what is -11 - -10105501?
10105450
In base 7, what is -30 + 44254452?
44254422
In 